{"id":598,"date":"2017-02-07T08:53:38","date_gmt":"2017-02-07T07:53:38","guid":{"rendered":"http:\/\/veneziela-naydenova.com\/?page_id=598"},"modified":"2018-11-13T08:48:14","modified_gmt":"2018-11-13T07:48:14","slug":"scores","status":"publish","type":"page","link":"https:\/\/veneziela-naydenova.com\/?page_id=598","title":{"rendered":"SCORES"},"content":{"rendered":"<p><strong>SCORES \/ PARTITIONS<\/strong><\/p>\n<p>pour acheter des partitions des \u0153uvres compos\u00e9es par Veneziela Naydenova<br \/>\n\u00e9crivez \u00e0 <a href=\"mailto:info@veneziela-naydenova.com\">info@veneziela-naydenova.com<\/a><\/p>\n<p class=\"entry-content\"><strong>Dobri Hristov<\/strong><br \/>\n<strong><em>Chants orthodoxes <\/em><\/strong>pour ch\u0153ur mixte <em>a cappella<\/em><br \/>\nEDITIONS LYRA, Neuch\u00e2tel, 2016<br \/>\nPrix: CHF 20.00<\/p>\n<p class=\"entry-content\">Les partitions contenues dans ce recueil peuvent \u00eatre achet\u00e9es aussi s\u00e9par\u00e9ment et en quantit\u00e9 \u00e0 l\u2019usage des choristes (minimum 10 ex.)<br \/>\nCommandez par mail: <a href=\"http:\/\/veneziela-naydenova.com\/music\/editions-lyra\/editions.lyra@gmail.com\">editions.lyra@gmail.com<\/a><\/p>\n","protected":false},"excerpt":{"rendered":"<p>SCORES \/ PARTITIONS pour acheter des partitions des \u0153uvres compos\u00e9es par Veneziela Naydenova \u00e9crivez \u00e0 info@veneziela-naydenova.com Dobri Hristov Chants orthodoxes pour ch\u0153ur mixte a cappella EDITIONS LYRA, Neuch\u00e2tel, 2016 Prix: CHF 20.00 Les partitions contenues dans ce recueil peuvent \u00eatre achet\u00e9es aussi s\u00e9par\u00e9ment et en quantit\u00e9 \u00e0 l\u2019usage des choristes (minimum 10 ex.) Commandez par&hellip;<a href=\"https:\/\/veneziela-naydenova.com\/?page_id=598\" class=\"more-link\">Continue reading <span class=\"screen-reader-text\">SCORES<\/span><\/a><\/p>\n","protected":false},"author":1,"featured_media":0,"parent":711,"menu_order":0,"comment_status":"closed","ping_status":"closed","template":"","meta":{"jetpack_post_was_ever_published":false,"footnotes":""},"class_list":["post-598","page","type-page","status-publish","hentry"],"jetpack_sharing_enabled":true,"jetpack_shortlink":"https:\/\/wp.me\/P9rIUe-9E","_links":{"self":[{"href":"https:\/\/veneziela-naydenova.com\/index.php?rest_route=\/wp\/v2\/pages\/598","targetHints":{"allow":["GET"]}}],"collection":[{"href":"https:\/\/veneziela-naydenova.com\/index.php?rest_route=\/wp\/v2\/pages"}],"about":[{"href":"https:\/\/veneziela-naydenova.com\/index.php?rest_route=\/wp\/v2\/types\/page"}],"author":[{"embeddable":true,"href":"https:\/\/veneziela-naydenova.com\/index.php?rest_route=\/wp\/v2\/users\/1"}],"replies":[{"embeddable":true,"href":"https:\/\/veneziela-naydenova.com\/index.php?rest_route=%2Fwp%2Fv2%2Fcomments&post=598"}],"version-history":[{"count":6,"href":"https:\/\/veneziela-naydenova.com\/index.php?rest_route=\/wp\/v2\/pages\/598\/revisions"}],"predecessor-version":[{"id":1058,"href":"https:\/\/veneziela-naydenova.com\/index.php?rest_route=\/wp\/v2\/pages\/598\/revisions\/1058"}],"up":[{"embeddable":true,"href":"https:\/\/veneziela-naydenova.com\/index.php?rest_route=\/wp\/v2\/pages\/711"}],"wp:attachment":[{"href":"https:\/\/veneziela-naydenova.com\/index.php?rest_route=%2Fwp%2Fv2%2Fmedia&parent=598"}],"curies":[{"name":"wp","href":"https:\/\/api.w.org\/{rel}","templated":true}]}}