{"id":167,"date":"2016-11-12T19:32:45","date_gmt":"2016-11-12T19:32:45","guid":{"rendered":"http:\/\/veneziela-naydenova.com\/?page_id=167"},"modified":"2017-02-07T14:51:08","modified_gmt":"2017-02-07T13:51:08","slug":"saison-musique-au-choeur","status":"publish","type":"page","link":"https:\/\/veneziela-naydenova.com\/?page_id=167","title":{"rendered":"MUSIQUE AU CH\u0152UR"},"content":{"rendered":"<p><a href=\"http:\/\/veneziela-naydenova.com\/pliskart\/logo_mac\/\" rel=\"attachment wp-att-80\"><img loading=\"lazy\" decoding=\"async\" class=\"wp-image-80 alignleft\" src=\"http:\/\/veneziela-naydenova.com\/wp-content\/uploads\/2016\/10\/Logo_MaC-300x173.jpg\" alt=\"logo_mac\" width=\"118\" height=\"68\" srcset=\"https:\/\/veneziela-naydenova.com\/wp-content\/uploads\/2016\/10\/Logo_MaC-300x173.jpg 300w, https:\/\/veneziela-naydenova.com\/wp-content\/uploads\/2016\/10\/Logo_MaC-768x444.jpg 768w, https:\/\/veneziela-naydenova.com\/wp-content\/uploads\/2016\/10\/Logo_MaC-1024x592.jpg 1024w, https:\/\/veneziela-naydenova.com\/wp-content\/uploads\/2016\/10\/Logo_MaC.jpg 1384w\" sizes=\"auto, (max-width: 118px) 100vw, 118px\" \/><\/a>Fondatrice<br \/>\nDirectrice artistique<strong><br \/>\n<\/strong>Pr\u00e9sidente de l&rsquo;<strong>Association<\/strong> <strong><em>Musique au ch\u0153ur\u00a0<\/em><\/strong><\/p>\n<p>L\u2019association\u00a0<em>Musique au ch\u0153ur <\/em>a pour but le d\u00e9veloppement culturel de la r\u00e9gion de Neuch\u00e2tel, notamment l\u2019organisation de manifestations musicales et artistiques.<\/p>\n<p><a href=\"http:\/\/www.musique-au-choeur.ch\/\">Site<\/a><\/p>\n<blockquote>\n<p style=\"text-align: right;\"><em><span class=\"Apple-style-span\"><i>Le possible est d\u00e9j\u00e0 fait, l&rsquo;impossible est en cours, pour les miracles, veuillez pr\u00e9voir un d\u00e9lai. <\/i><\/span><\/em><span class=\"Apple-style-span\">(un ami)<\/span><\/p>\n<\/blockquote>\n","protected":false},"excerpt":{"rendered":"<p>Fondatrice Directrice artistique Pr\u00e9sidente de l&rsquo;Association Musique au ch\u0153ur\u00a0 L\u2019association\u00a0Musique au ch\u0153ur a pour but le d\u00e9veloppement culturel de la r\u00e9gion de Neuch\u00e2tel, notamment l\u2019organisation de manifestations musicales et artistiques. Site Le possible est d\u00e9j\u00e0 fait, l&rsquo;impossible est en cours, pour les miracles, veuillez pr\u00e9voir un d\u00e9lai. (un ami)<\/p>\n","protected":false},"author":1,"featured_media":0,"parent":17,"menu_order":0,"comment_status":"closed","ping_status":"closed","template":"","meta":{"jetpack_post_was_ever_published":false,"footnotes":""},"class_list":["post-167","page","type-page","status-publish","hentry"],"jetpack_sharing_enabled":true,"jetpack_shortlink":"https:\/\/wp.me\/P9rIUe-2H","_links":{"self":[{"href":"https:\/\/veneziela-naydenova.com\/index.php?rest_route=\/wp\/v2\/pages\/167","targetHints":{"allow":["GET"]}}],"collection":[{"href":"https:\/\/veneziela-naydenova.com\/index.php?rest_route=\/wp\/v2\/pages"}],"about":[{"href":"https:\/\/veneziela-naydenova.com\/index.php?rest_route=\/wp\/v2\/types\/page"}],"author":[{"embeddable":true,"href":"https:\/\/veneziela-naydenova.com\/index.php?rest_route=\/wp\/v2\/users\/1"}],"replies":[{"embeddable":true,"href":"https:\/\/veneziela-naydenova.com\/index.php?rest_route=%2Fwp%2Fv2%2Fcomments&post=167"}],"version-history":[{"count":17,"href":"https:\/\/veneziela-naydenova.com\/index.php?rest_route=\/wp\/v2\/pages\/167\/revisions"}],"predecessor-version":[{"id":631,"href":"https:\/\/veneziela-naydenova.com\/index.php?rest_route=\/wp\/v2\/pages\/167\/revisions\/631"}],"up":[{"embeddable":true,"href":"https:\/\/veneziela-naydenova.com\/index.php?rest_route=\/wp\/v2\/pages\/17"}],"wp:attachment":[{"href":"https:\/\/veneziela-naydenova.com\/index.php?rest_route=%2Fwp%2Fv2%2Fmedia&parent=167"}],"curies":[{"name":"wp","href":"https:\/\/api.w.org\/{rel}","templated":true}]}}