{"id":163,"date":"2016-11-12T19:29:12","date_gmt":"2016-11-12T19:29:12","guid":{"rendered":"http:\/\/veneziela-naydenova.com\/?page_id=163"},"modified":"2024-06-09T15:10:04","modified_gmt":"2024-06-09T14:10:04","slug":"pedagogy","status":"publish","type":"page","link":"https:\/\/veneziela-naydenova.com\/?page_id=163","title":{"rendered":"Pedagogy"},"content":{"rendered":"<p style=\"text-align: right;\"><em>Education is the most powerful weapon that you can use to change the world. <\/em>(Nelson Mandela)<\/p>\n<h3 class=\"font_2\">TEACHING<\/h3>\n<p style=\"text-align: right;\"><em>\u00ab\u00a0Enseigner, ce n\u2019est pas remplir un vase, c\u2019est allumer un feu\u00a0\u00bb<\/em><\/p>\n<p><span style=\"color: #333333;\">Professeure de piano au <a href=\"http:\/\/www.cmne.ch\">CMNE<\/a> (Conservatoire de musique neuch\u00e2telois): <a href=\"mailto:veneziela.naydenova@ne.ch\">veneziela.naydenova@ne.ch<\/a><\/span><br \/>\n<span style=\"color: #000000;\">D\u00e9l\u00e9gu\u00e9e formation des talents au <a href=\"http:\/\/cmne.ch\">CMNE <span style=\"color: #333333;\">(Conservatoire de musique neuch\u00e2telois)<\/span><\/a>: <a href=\"mailto:CMNE.FormTalents@ne.ch\">CMNE.FormTalents@ne.ch<\/a><br \/>\n<\/span><span style=\"color: #000000;\">Professeure \u00e0 la HEM de Gen\u00e8ve-site de Neuch\u00e2tel:<\/span> <a href=\"mailto:venetziela.naydenova@hesge.ch\">venetziela.naydenova@hesge.ch<\/a><\/p>\n<hr \/>\n<p class=\"tertiary-title\"><span style=\"color: #008000;\">Cours de piano<br \/>\n<\/span><span style=\"color: #008000; font-size: 1.1rem;\">Cours de didactique instrumentale<br \/>\nCours de l\u2019histoire de la musique<br \/>\n<span style=\"color: #008000;\">Cours de solf\u00e8ge, harmonie, contrepoint, th\u00e9orie musicale<br \/>\n<\/span><\/span><span style=\"color: #008000;\">Pour toute demande concernant des cours priv\u00e9s ainsi que des <em>masterclasses<\/em>, <\/span><span style=\"color: #008000;\">veuillez vous adresser <a href=\"info@veneziela-naydenova.com\" target=\"_blank\" rel=\"noopener noreferrer\">ici <\/a><\/span><\/p>\n<hr \/>\n<p><em>Concours Suisse de Musique pour la Jeunesse<br \/>\n<\/em>Jury <em>Entrada <\/em><a href=\"https:\/\/sjmw.ch\/fr\/classica\/jury\/\">Lien<\/a><\/p>\n","protected":false},"excerpt":{"rendered":"<p>Education is the most powerful weapon that you can use to change the world. (Nelson Mandela) TEACHING \u00ab\u00a0Enseigner, ce n\u2019est pas remplir un vase, c\u2019est allumer un feu\u00a0\u00bb Professeure de piano au CMNE (Conservatoire de musique neuch\u00e2telois): veneziela.naydenova@ne.ch D\u00e9l\u00e9gu\u00e9e formation des talents au CMNE (Conservatoire de musique neuch\u00e2telois): CMNE.FormTalents@ne.ch Professeure \u00e0 la HEM de Gen\u00e8ve-site&hellip;<a href=\"https:\/\/veneziela-naydenova.com\/?page_id=163\" class=\"more-link\">Continue reading <span class=\"screen-reader-text\">Pedagogy<\/span><\/a><\/p>\n","protected":false},"author":1,"featured_media":0,"parent":17,"menu_order":0,"comment_status":"closed","ping_status":"closed","template":"","meta":{"jetpack_post_was_ever_published":false,"footnotes":""},"class_list":["post-163","page","type-page","status-publish","hentry"],"jetpack_sharing_enabled":true,"jetpack_shortlink":"https:\/\/wp.me\/P9rIUe-2D","_links":{"self":[{"href":"https:\/\/veneziela-naydenova.com\/index.php?rest_route=\/wp\/v2\/pages\/163","targetHints":{"allow":["GET"]}}],"collection":[{"href":"https:\/\/veneziela-naydenova.com\/index.php?rest_route=\/wp\/v2\/pages"}],"about":[{"href":"https:\/\/veneziela-naydenova.com\/index.php?rest_route=\/wp\/v2\/types\/page"}],"author":[{"embeddable":true,"href":"https:\/\/veneziela-naydenova.com\/index.php?rest_route=\/wp\/v2\/users\/1"}],"replies":[{"embeddable":true,"href":"https:\/\/veneziela-naydenova.com\/index.php?rest_route=%2Fwp%2Fv2%2Fcomments&post=163"}],"version-history":[{"count":37,"href":"https:\/\/veneziela-naydenova.com\/index.php?rest_route=\/wp\/v2\/pages\/163\/revisions"}],"predecessor-version":[{"id":2079,"href":"https:\/\/veneziela-naydenova.com\/index.php?rest_route=\/wp\/v2\/pages\/163\/revisions\/2079"}],"up":[{"embeddable":true,"href":"https:\/\/veneziela-naydenova.com\/index.php?rest_route=\/wp\/v2\/pages\/17"}],"wp:attachment":[{"href":"https:\/\/veneziela-naydenova.com\/index.php?rest_route=%2Fwp%2Fv2%2Fmedia&parent=163"}],"curies":[{"name":"wp","href":"https:\/\/api.w.org\/{rel}","templated":true}]}}